 7?
256
What is 0 (base 5) in base 6?
0
Convert 11 (base 7) to base 10.
8
Convert 5 (base 10) to base 9.
5
What is 121 (base 8) in base 15?
56
-17 (base 14) to base 15
-16
What is -81 (base 15) in base 6?
-321
Convert -1001110 (base 2) to base 11.
-71
Convert 13 (base 9) to base 8.
14
What is 37 (base 8) in base 12?
27
Convert -110 (base 3) to base 9.
-13
What is -47 (base 11) in base 14?
-39
-311 (base 5) to base 9
-100
What is 1 (base 3) in base 15?
1
What is -3 (base 13) in base 8?
-3
-1 (base 8) to base 16
-1
183 (base 11) to base 14
112
What is 25 (base 8) in base 12?
19
30 (base 4) to base 15
c
Convert 13 (base 6) to base 7.
12
Convert -1000 (base 3) to base 10.
-27
What is -5 (base 11) in base 7?
-5
-8 (base 9) to base 5
-13
Convert 39 (base 10) to base 9.
43
Convert 2012 (base 3) to base 16.
3b
Convert -8 (base 14) to base 2.
-1000
What is -93 (base 11) in base 14?
-74
What is 22122 (base 3) in base 9?
278
-10021 (base 3) to base 12
-74
12 (base 6) to base 15
8
12202 (base 3) to base 8
233
Convert -1 (base 2) to base 6.
-1
Convert 5 (base 15) to base 12.
5
Convert -104 (base 6) to base 12.
-34
What is -120 (base 7) in base 3?
-2100
What is -23 (base 4) in base 11?
-10
What is -10 (base 4) in base 11?
-4
Convert 10 (base 15) to base 9.
16
What is -a (base 13) in base 4?
-22
Convert 1100 (base 3) to base 12.
30
-4 (base 12) to base 15
-4
b (base 15) to base 7
14
Convert 13 (base 9) to base 3.
110
35 (base 13) to base 12
38
2 (base 12) to base 11
2
Convert -7 (base 11) to base 4.
-13
Convert 1304 (base 5) to base 14.
108
What is 1e (base 16) in base 15?
20
What is 1 (base 12) in base 8?
1
What is -212 (base 6) in base 5?
-310
-11 (base 8) to base 7
-12
Convert 17 (base 11) to base 3.
200
Convert -3 (base 16) to base 8.
-3
-4 (base 13) to base 14
-4
What is 17 (base 14) in base 12?
19
Convert 1 (base 4) to base 16.
1
32 (base 13) to base 9
45
33 (base 8) to base 13
21
Convert -13 (base 5) to base 10.
-8
Convert 2 (base 8) to base 4.
2
Convert 4 (base 8) to base 15.
4
-25 (base 9) to base 5
-43
-9 (base 11) to base 14
-9
-a (base 12) to base 3
-101
Convert -2 (base 4) to base 9.
-2
11010 (base 2) to base 10
26
6 (base 15) to base 10
6
What is 303 (base 5) in base 15?
53
Convert -a (base 13) to base 12.
-a
4 (base 13) to base 9
4
What is -2 (base 15) in base 13?
-2
What is 5 (base 14) in base 8?
5
What is -2 (base 10) in base 7?
-2
What is -251 (base 8) in base 7?
-331
What is -3b (base 14) in base 8?
-65
76 (base 8) to base 7
116
Convert -14 (base 8) to base 3.
-110
Convert 32 (base 9) to base 11.
27
Convert -52 (base 16) to base 14.
-5c
Convert 14 (base 10) to base 6.
22
Convert 3 (base 15) to base 16.
3
1 (base 13) to base 16
1
7 (base 10) to base 15
7
What is -111 (base 2) in base 7?
-10
-12 (base 3) to base 2
-101
What is -33 (base 6) in base 3?
-210
Convert 110 (base 3) to base 9.
13
-1 (base 4) to base 13
-1
Convert 88 (base 16) to base 8.
210
What is -10101 (base 2) in base 5?
-41
Convert -45 (base 7) to base 4.
-201
102 (base 4) to base 7
24
What is -1002 (base 3) in base 14?
-21
What is 1 (base 2) in base 15?
1
Convert -6 (base 13) to base 12.
-6
What is -56 (base 7) in base 9?
-45
2 (base 8) to base 13
2
What is -22 (base 12) in base 13?
-20
Convert 4 (base 10) to base 2.
100
What is -12022 (base 3) in base 6?
-355
204 (base 5) to base 10
54
Convert -20 (base 7) to base 4.
-32
Convert e (base 16) to base 13.
11
142 (base 10) to base 16
8e
What is -36 (base 16) in base 8?
-66
What is -2 (base 9) in base 16?
-2
-3 (base 5) to base 8
-3
Convert -1 (base 16) to base 8.
-1
Convert 10 (base 14) to base 3.
112
What is 6 (base 15) in base 13?
6
Convert 21 (base 14) to base 13.
23
50 (base 13) to base 4
1001
Convert -2 (base 14) to base 2.
-10
-2 (base 13) to base 7
-2
What is -131 (base 4) in base 3?
-1002
What is 14 (base 6) in base 3?
101
-10011 (base 2) to base 9
-21
-1a (base 12) to base 6
-34
Convert -24 (base 14) to base 16.
-20
-72 (base 16) to base 9
-136
Convert -3 (base 14) to base 3.
-10
Convert 11 (base 8) to base 16.
9
Convert -12 (base 3) to base 14.
-5
What is -3a (base 11) in base 13?
-34
101 (base 5) to base 10
26
Convert 31 (base 8) to base 5.
100
-157 (base 8) to base 2
-1101111
What is -f (base 16) in base 11?
-14
What is -2a (base 12) in base 5?
-114
652 (base 7) to base 3
110021
What is 0 (base 11) in base 10?
0
What is -101 (base 2) in base 15?
-5
-11 (base 4) to base 14
-5
Convert -152 (base 9) to base 5.
-1003
Convert 3 (base 14) to base 10.
3
What is -108 (base 10) in base 12?
-90
-222 (base 4) to base 13
-33
What is -1 (base 9) in base 15?
-1
What is 366 (base 9) in base 11?
256
2d (base 15) to base 13
34
What is -1 (base 15) in base 3?
-1
Convert -9 (base 14) to base 9.
-10
Convert 1 (base 16) to base 7.
1
-9 (base 13) to base 12
-9
4 (base 15) to base 8
4
-12 (base 3) to base 7
-5
3d (base 15) to base 3
2011
Convert -341 (base 7) to base 2.
-10110000
What is -35 (base 6) in base 10?
-23
Convert 1 (base 5) to base 6.
1
What is -322 (base 5) in base 8?
-127
-1120 (base 7) to base 9
-501
What is 141 (base 9) in base 11?
a8
11 (base 6) to base 10
7
-2 (base 8) to base 5
-2
Convert 12 (base 9) to base 12.
b
7 (base 8) to base 11
7
Convert -3 (base 11) to base 15.
-3
What is 20 (base 4) in base 6?
12
What is -3 (base 4) in base 16?
-3
Convert 6 (base 16) to base 11.
6
What is aa (base 13) in base 14?
a0
63 (base 7) to base 13
36
103 (base 13) to base 4
2230
What is -1 (base 12) in base 5?
-1
6 (base 15) to base 9
6
Convert 43 (base 14) to base 10.
59
Convert 4 (base 7) to base 10.
4
Convert 9b (base 12) to base 3.
11102
What is -112 (base 5) in base 12?
-28
Convert 31 (base 8) to base 7.
34
What is 10 (base 8) in base 10?
8
What is 40 (base 7) in base 3?
1001
Convert 9 (base 10) to base 4.
21
-4 (base 8) to base 12
-4
1 (base 13) to base 14
1
What is -2 (base 9) in base 14?
-2
45 (base 16) to base 12
59
What is -119 (base 14) in base 11?
-18a
Convert -11 (base 5) to base 9.
-6
What is 24 (base 9) in base 5?
42
Convert 11 (base 10) to base 15.
b
Convert 5 (base 13) to base 8.
5
Convert -a (base 16) to base 11.
-a
Convert -155 (base 7) to base 2.
-1011001
Convert 5 (base 10) to base 7.
5
-1 (base 3) to base 9
-1
Convert -10111 (base 2) to base 6.
-35
Convert -be (base 16) to base 15.
-ca
What is 76 (base 13) in base 10?
97
What is -1002 (base 6) in base 9?
-262
Convert c (base 14) to base 13.
c
-8 (base 9) to base 2
-1000
-1 (base 7) to base 8
-1
What is 14 (base 5) in base 3?
100
-53 (base 11) to base 16
-3a
What is -1131 (base 5) in base 13?
-ca
-34 (base 15) to base 12
-41
15 (base 10) to base 13
12
30 (base 5) to base 4
33
-1 (base 9) to base 15
-1
Convert -52 (base 8) to base 9.
-46
What is 1 (base 13) in base 8?
1
What is 0 (base 16) in base 13?
0
What is -4 (base 12) in base 11?
-4
What is 19 (base 15) in base 13?
1b
Convert 20 (base 6) to base 5.
22
Convert -43 (base 5) to base 16.
-17
-16 (base 11) to base 16
-11
Convert -3 (base 16) to base 6.
-3
Convert -c5 (base 14) to base 16.
-ad
What is 4 (base 5) in base 7?
4
What is 0 (base 8) in base 5?
0
What is -3130 (base 4) in base 9?
-264
Convert 21 (base 3) to base 10.
7
Convert -1a4 (base 11) to base 5.
-1420
What is -2d (base 15) in base 9?
-47
What is 15 (base 16) in base 8?
25
Convert 17 (base 9) to base 16.
10
10002 (base 3) to base 15
58
-223 (base 5) to base 8
-77
What is -4 (base 10) in base 14?
-4
Convert -240 (base 7) to base 3.
-11200
Convert e (base 16) to base 13.
11
-5 (base 13) to base 12
-5
-4 (base 7) to base 15
-4
-1 (base 13) to base 12
-1
-2 (base 12) to base 16
-2
Convert 5 (base 7) to base 4.
11
Convert -6 (base 8) to base 7.
-6
What is -13 (base 11) in base 2?
-1110
18 (base 16) to base 5
44
Convert 15 (base 13) to base 2.
10010
Convert 2b (base 13) to base 14.
29
-330 (base 4) to base 5
-220
What is 12 (base 16) in base 8?
22
Convert -2 (base 11) to base 6.
-2
-5 (base 13) to base 3
-12
11011 (base 2) to base 9
30
What is 79 (base 16) in base 2?
1111001
242 (base 6) to base 5
343
Convert -3 (base 15) to base 14.
-3
274 (base 9) to base 4
3211
12 (base 12) to base 2
1110
What is -da (base 15) in base 14?
-109
What is -1 (base 5) in base 16?
-1
What is 41 (base 10) in base 3?
1112
1 (base 6) to base 11
1
What is 40 (base 5) in base 7?